{"id":507,"date":"2025-05-06T17:30:40","date_gmt":"2025-05-06T16:30:40","guid":{"rendered":"https:\/\/alessandra.hr\/?post_type=product&#038;p=507"},"modified":"2025-05-06T17:30:51","modified_gmt":"2025-05-06T16:30:51","slug":"set-za-dorucak-villeroy-boch","status":"publish","type":"product","link":"https:\/\/alessandra.hr\/index.php\/proizvod\/set-za-dorucak-villeroy-boch\/","title":{"rendered":"Set za doru\u010dak Villeroy &#038; Boch"},"content":{"rendered":"<p>Villeroy &amp; Boch set sadr\u017ei da\u0161\u0107icu, padanj, tanjur, dr\u017ea\u0107 za jaje i \u0161alicu.<br \/>\nIzra\u0111en od porclana.<\/p>\n<h3 class=\"\" data-start=\"234\" data-end=\"267\">O brendu Villeroy &amp; Boch:<\/h3>\n<ul data-start=\"268\" data-end=\"550\">\n<li class=\"\" data-start=\"268\" data-end=\"307\">\n<p class=\"\" data-start=\"270\" data-end=\"307\"><strong data-start=\"270\" data-end=\"294\">Osnovan 1748. godine<\/strong> u Njema\u010dkoj.<\/p>\n<\/li>\n<li class=\"\" data-start=\"308\" data-end=\"389\">\n<p class=\"\" data-start=\"310\" data-end=\"389\">Jedan od najstarijih i najuglednijih proizvo\u0111a\u010da porculana i keramike u Evropi.<\/p>\n<\/li>\n<li class=\"\" data-start=\"390\" data-end=\"457\">\n<p class=\"\" data-start=\"392\" data-end=\"457\">Poznat po spajanju <strong data-start=\"411\" data-end=\"456\">klasi\u010dnog dizajna s modernom tehnologijom<\/strong>.<\/p>\n<\/li>\n<li class=\"\" data-start=\"458\" data-end=\"550\">\n<p class=\"\" data-start=\"460\" data-end=\"550\">Nudi proizvode za <strong data-start=\"478\" data-end=\"491\">ku\u0107anstvo<\/strong> (posu\u0111e, pribor, staklo, dekor) i <strong data-start=\"526\" data-end=\"549\">kupatila &amp; wellness<\/strong>.<\/p>\n<\/li>\n<\/ul>\n","protected":false},"excerpt":{"rendered":"<p>Villeroy &amp; Boch set sadr\u017ei da\u0161\u0107icu, padanj, tanjur, dr\u017ea\u0107 za jaje i \u0161alicu.<br \/>\nIzra\u0111en od porclana.<\/p>\n<h3 class=\"\" data-start=\"234\" data-end=\"267\">O brendu Villeroy &amp; Boch:<\/h3>\n<ul data-start=\"268\" data-end=\"550\">\n<li class=\"\" data-start=\"268\" data-end=\"307\">\n<p class=\"\" data-start=\"270\" data-end=\"307\"><strong data-start=\"270\" data-end=\"294\">Osnovan 1748. godine<\/strong> u Njema\u010dkoj.<\/p>\n<\/li>\n<li class=\"\" data-start=\"308\" data-end=\"389\">\n<p class=\"\" data-start=\"310\" data-end=\"389\">Jedan od najstarijih i najuglednijih proizvo\u0111a\u010da porculana i keramike u Evropi.<\/p>\n<\/li>\n<li class=\"\" data-start=\"390\" data-end=\"457\">\n<p class=\"\" data-start=\"392\" data-end=\"457\">Poznat po spajanju <strong data-start=\"411\" data-end=\"456\">klasi\u010dnog dizajna s modernom tehnologijom<\/strong>.<\/p>\n<\/li>\n<li class=\"\" data-start=\"458\" data-end=\"550\">\n<p class=\"\" data-start=\"460\" data-end=\"550\">Nudi proizvode za <strong data-start=\"478\" data-end=\"491\">ku\u0107anstvo<\/strong> (posu\u0111e, pribor, staklo, dekor) i <strong data-start=\"526\" data-end=\"549\">kupatila &amp; wellness<\/strong>.<\/p>\n<\/li>\n<\/ul>\n","protected":false},"featured_media":511,"template":"","meta":[],"product_brand":[],"product_cat":[39],"product_tag":[],"class_list":{"0":"post-507","1":"product","2":"type-product","3":"status-publish","4":"has-post-thumbnail","6":"product_cat-porculan","8":"first","9":"instock","10":"taxable","11":"shipping-taxable","12":"purchasable","13":"product-type-simple"},"jetpack_sharing_enabled":true,"_links":{"self":[{"href":"https:\/\/alessandra.hr\/index.php\/wp-json\/wp\/v2\/product\/507","targetHints":{"allow":["GET"]}}],"collection":[{"href":"https:\/\/alessandra.hr\/index.php\/wp-json\/wp\/v2\/product"}],"about":[{"href":"https:\/\/alessandra.hr\/index.php\/wp-json\/wp\/v2\/types\/product"}],"wp:featuredmedia":[{"embeddable":true,"href":"https:\/\/alessandra.hr\/index.php\/wp-json\/wp\/v2\/media\/511"}],"wp:attachment":[{"href":"https:\/\/alessandra.hr\/index.php\/wp-json\/wp\/v2\/media?parent=507"}],"wp:term":[{"taxonomy":"product_brand","embeddable":true,"href":"https:\/\/alessandra.hr\/index.php\/wp-json\/wp\/v2\/product_brand?post=507"},{"taxonomy":"product_cat","embeddable":true,"href":"https:\/\/alessandra.hr\/index.php\/wp-json\/wp\/v2\/product_cat?post=507"},{"taxonomy":"product_tag","embeddable":true,"href":"https:\/\/alessandra.hr\/index.php\/wp-json\/wp\/v2\/product_tag?post=507"}],"curies":[{"name":"wp","href":"https:\/\/api.w.org\/{rel}","templated":true}]}}