{"id":233,"date":"2024-10-29T06:06:45","date_gmt":"2024-10-29T06:06:45","guid":{"rendered":"https:\/\/alessandra.hr\/?page_id=233"},"modified":"2025-05-23T08:08:27","modified_gmt":"2025-05-23T07:08:27","slug":"obavijesti","status":"publish","type":"page","link":"https:\/\/alessandra.hr\/index.php\/obavijesti\/","title":{"rendered":"Obavijesti"},"content":{"rendered":"\t\t<div data-elementor-type=\"wp-page\" data-elementor-id=\"233\" class=\"elementor elementor-233\" data-elementor-post-type=\"page\">\n\t\t\t\t<div class=\"elementor-element elementor-element-9c40222 e-flex e-con-boxed e-con e-parent\" data-id=\"9c40222\" data-element_type=\"container\">\n\t\t\t\t\t<div class=\"e-con-inner\">\n\t\t\t\t<div class=\"elementor-element elementor-element-6fd35f6f elementor-widget elementor-widget-text-editor\" data-id=\"6fd35f6f\" data-element_type=\"widget\" data-widget_type=\"text-editor.default\">\n\t\t\t\t<div class=\"elementor-widget-container\">\n\t\t\t\t\t\t\t\t\t\n<div class=\"wp-block-query is-layout-flow wp-block-query-is-layout-flow\"><\/div>\n\n\n\n<p><\/p>\n\t\t\t\t\t\t\t\t<\/div>\n\t\t\t\t<\/div>\n\t\t\t\t\t<\/div>\n\t\t\t\t<\/div>\n\t\t<div class=\"elementor-element elementor-element-266587e e-flex e-con-boxed e-con e-parent\" data-id=\"266587e\" data-element_type=\"container\">\n\t\t\t\t\t<div class=\"e-con-inner\">\n\t\t\t\t<div class=\"elementor-element elementor-element-5b14726 elementor-grid-3 elementor-grid-tablet-2 elementor-grid-mobile-1 elementor-posts--thumbnail-top load-more-align-center elementor-widget elementor-widget-posts\" data-id=\"5b14726\" data-element_type=\"widget\" data-settings=\"{&quot;pagination_type&quot;:&quot;load_more_on_click&quot;,&quot;classic_columns&quot;:&quot;3&quot;,&quot;classic_columns_tablet&quot;:&quot;2&quot;,&quot;classic_columns_mobile&quot;:&quot;1&quot;,&quot;classic_row_gap&quot;:{&quot;unit&quot;:&quot;px&quot;,&quot;size&quot;:35,&quot;sizes&quot;:[]},&quot;classic_row_gap_tablet&quot;:{&quot;unit&quot;:&quot;px&quot;,&quot;size&quot;:&quot;&quot;,&quot;sizes&quot;:[]},&quot;classic_row_gap_mobile&quot;:{&quot;unit&quot;:&quot;px&quot;,&quot;size&quot;:&quot;&quot;,&quot;sizes&quot;:[]},&quot;load_more_spinner&quot;:{&quot;value&quot;:&quot;fas fa-spinner&quot;,&quot;library&quot;:&quot;fa-solid&quot;}}\" data-widget_type=\"posts.classic\">\n\t\t\t\t<div class=\"elementor-widget-container\">\n\t\t\t\t\t\t\t<div class=\"elementor-posts-container elementor-posts elementor-posts--skin-classic elementor-grid\" role=\"list\">\n\t\t\t\t<article class=\"elementor-post elementor-grid-item post-476 post type-post status-publish format-standard has-post-thumbnail hentry category-uncategorized\" role=\"listitem\">\n\t\t\t\t<a class=\"elementor-post__thumbnail__link\" href=\"https:\/\/alessandra.hr\/index.php\/2025\/02\/26\/trgovina-alessandra-na-novoj-adresi\/\" tabindex=\"-1\" >\n\t\t\t<div class=\"elementor-post__thumbnail\"><img fetchpriority=\"high\" decoding=\"async\" width=\"300\" height=\"226\" src=\"https:\/\/alessandra.hr\/wp-content\/uploads\/2025\/02\/1-ALESSANDRA-002-1-300x226.jpg\" class=\"attachment-medium size-medium wp-image-477\" alt=\"\" srcset=\"https:\/\/alessandra.hr\/wp-content\/uploads\/2025\/02\/1-ALESSANDRA-002-1-300x226.jpg 300w, https:\/\/alessandra.hr\/wp-content\/uploads\/2025\/02\/1-ALESSANDRA-002-1-1024x772.jpg 1024w, https:\/\/alessandra.hr\/wp-content\/uploads\/2025\/02\/1-ALESSANDRA-002-1-768x579.jpg 768w, https:\/\/alessandra.hr\/wp-content\/uploads\/2025\/02\/1-ALESSANDRA-002-1-1536x1158.jpg 1536w, https:\/\/alessandra.hr\/wp-content\/uploads\/2025\/02\/1-ALESSANDRA-002-1-600x452.jpg 600w, https:\/\/alessandra.hr\/wp-content\/uploads\/2025\/02\/1-ALESSANDRA-002-1.jpg 1600w\" sizes=\"(max-width: 300px) 100vw, 300px\" \/><\/div>\n\t\t<\/a>\n\t\t\t\t<div class=\"elementor-post__text\">\n\t\t\t\t<h3 class=\"elementor-post__title\">\n\t\t\t<a href=\"https:\/\/alessandra.hr\/index.php\/2025\/02\/26\/trgovina-alessandra-na-novoj-adresi\/\" >\n\t\t\t\tTRGOVINA ALESSANDRA NA NOVOJ ADRESI\t\t\t<\/a>\n\t\t<\/h3>\n\t\t\t\t<div class=\"elementor-post__meta-data\">\n\t\t\t\t\t<span class=\"elementor-post-date\">\n\t\t\t26. velja\u010de 2025.\t\t<\/span>\n\t\t\t\t<\/div>\n\t\t\t\t<div class=\"elementor-post__excerpt\">\n\t\t\t<p>Trgovina ALESSANDRA nalazi se na novoj adresi: Petra Kre\u0161imira IV 1735000 Slavonski Brod<\/p>\n\t\t<\/div>\n\t\t\t\t\t<div class=\"elementor-post__read-more-wrapper\">\n\t\t\n\t\t<a class=\"elementor-post__read-more\" href=\"https:\/\/alessandra.hr\/index.php\/2025\/02\/26\/trgovina-alessandra-na-novoj-adresi\/\" aria-label=\"Read more about TRGOVINA ALESSANDRA NA NOVOJ ADRESI\" tabindex=\"-1\" >\n\t\t\tVi\u0161e o ovome\t\t<\/a>\n\n\t\t\t\t\t<\/div>\n\t\t\t\t<\/div>\n\t\t\t\t<\/article>\n\t\t\t\t<article class=\"elementor-post elementor-grid-item post-247 post type-post status-publish format-standard has-post-thumbnail hentry category-uncategorized\" role=\"listitem\">\n\t\t\t\t<a class=\"elementor-post__thumbnail__link\" href=\"https:\/\/alessandra.hr\/index.php\/2024\/10\/29\/tradicija-prikupljanja-antikviteta-vjecna-strast-kroz-stoljeca\/\" tabindex=\"-1\" >\n\t\t\t<div class=\"elementor-post__thumbnail\"><img decoding=\"async\" width=\"300\" height=\"290\" src=\"https:\/\/alessandra.hr\/wp-content\/uploads\/2024\/10\/Screenshot_5-300x290.jpg\" class=\"attachment-medium size-medium wp-image-351\" alt=\"\" srcset=\"https:\/\/alessandra.hr\/wp-content\/uploads\/2024\/10\/Screenshot_5-300x290.jpg 300w, https:\/\/alessandra.hr\/wp-content\/uploads\/2024\/10\/Screenshot_5-600x580.jpg 600w, https:\/\/alessandra.hr\/wp-content\/uploads\/2024\/10\/Screenshot_5.jpg 689w\" sizes=\"(max-width: 300px) 100vw, 300px\" \/><\/div>\n\t\t<\/a>\n\t\t\t\t<div class=\"elementor-post__text\">\n\t\t\t\t<h3 class=\"elementor-post__title\">\n\t\t\t<a href=\"https:\/\/alessandra.hr\/index.php\/2024\/10\/29\/tradicija-prikupljanja-antikviteta-vjecna-strast-kroz-stoljeca\/\" >\n\t\t\t\tTradicija Prikupljanja Antikviteta: Vje\u010dna Strast Kroz Stolje\u0107a\t\t\t<\/a>\n\t\t<\/h3>\n\t\t\t\t<div class=\"elementor-post__meta-data\">\n\t\t\t\t\t<span class=\"elementor-post-date\">\n\t\t\t29. listopada 2024.\t\t<\/span>\n\t\t\t\t<\/div>\n\t\t\t\t<div class=\"elementor-post__excerpt\">\n\t\t\t<p>Strast prema antikvitetima nije novitet \u2013 prikupljanje predmeta iz pro\u0161losti je dugovje\u010dna tradicija koja se\u017ee daleko u pro\u0161lost. Ljudi \u0161irom svijeta stolje\u0107ima prikupljaju rijetke, povijesne<\/p>\n\t\t<\/div>\n\t\t\t\t\t<div class=\"elementor-post__read-more-wrapper\">\n\t\t\n\t\t<a class=\"elementor-post__read-more\" href=\"https:\/\/alessandra.hr\/index.php\/2024\/10\/29\/tradicija-prikupljanja-antikviteta-vjecna-strast-kroz-stoljeca\/\" aria-label=\"Read more about Tradicija Prikupljanja Antikviteta: Vje\u010dna Strast Kroz Stolje\u0107a\" tabindex=\"-1\" >\n\t\t\tVi\u0161e o ovome\t\t<\/a>\n\n\t\t\t\t\t<\/div>\n\t\t\t\t<\/div>\n\t\t\t\t<\/article>\n\t\t\t\t<article class=\"elementor-post elementor-grid-item post-242 post type-post status-publish format-standard has-post-thumbnail hentry category-uncategorized\" role=\"listitem\">\n\t\t\t\t<a class=\"elementor-post__thumbnail__link\" href=\"https:\/\/alessandra.hr\/index.php\/2024\/10\/29\/sto-je-zapravo-antikvitet-i-zasto-je-vrijedan\/\" tabindex=\"-1\" >\n\t\t\t<div class=\"elementor-post__thumbnail\"><img decoding=\"async\" width=\"300\" height=\"203\" src=\"https:\/\/alessandra.hr\/wp-content\/uploads\/2024\/10\/Screenshot_4-300x203.jpg\" class=\"attachment-medium size-medium wp-image-243\" alt=\"\" srcset=\"https:\/\/alessandra.hr\/wp-content\/uploads\/2024\/10\/Screenshot_4-300x203.jpg 300w, https:\/\/alessandra.hr\/wp-content\/uploads\/2024\/10\/Screenshot_4-768x520.jpg 768w, https:\/\/alessandra.hr\/wp-content\/uploads\/2024\/10\/Screenshot_4-600x406.jpg 600w, https:\/\/alessandra.hr\/wp-content\/uploads\/2024\/10\/Screenshot_4.jpg 798w\" sizes=\"(max-width: 300px) 100vw, 300px\" \/><\/div>\n\t\t<\/a>\n\t\t\t\t<div class=\"elementor-post__text\">\n\t\t\t\t<h3 class=\"elementor-post__title\">\n\t\t\t<a href=\"https:\/\/alessandra.hr\/index.php\/2024\/10\/29\/sto-je-zapravo-antikvitet-i-zasto-je-vrijedan\/\" >\n\t\t\t\t\u0160to je zapravo antikvitet i za\u0161to je vrijedan?\t\t\t<\/a>\n\t\t<\/h3>\n\t\t\t\t<div class=\"elementor-post__meta-data\">\n\t\t\t\t\t<span class=\"elementor-post-date\">\n\t\t\t29. listopada 2024.\t\t<\/span>\n\t\t\t\t<\/div>\n\t\t\t\t<div class=\"elementor-post__excerpt\">\n\t\t\t<p>Antikviteti nisu samo predmeti iz pro\u0161losti \u2013 oni su svjedoci vremena, kulture i majstorstva koji se rijetko nalazi u dana\u0161njim proizvodima. Ali \u0161to \u010dini antikvitet<\/p>\n\t\t<\/div>\n\t\t\t\t\t<div class=\"elementor-post__read-more-wrapper\">\n\t\t\n\t\t<a class=\"elementor-post__read-more\" href=\"https:\/\/alessandra.hr\/index.php\/2024\/10\/29\/sto-je-zapravo-antikvitet-i-zasto-je-vrijedan\/\" aria-label=\"Read more about \u0160to je zapravo antikvitet i za\u0161to je vrijedan?\" tabindex=\"-1\" >\n\t\t\tVi\u0161e o ovome\t\t<\/a>\n\n\t\t\t\t\t<\/div>\n\t\t\t\t<\/div>\n\t\t\t\t<\/article>\n\t\t\t\t<\/div>\n\t\t\t\t\t<span class=\"e-load-more-spinner\">\n\t\t\t\t<svg aria-hidden=\"true\" class=\"e-font-icon-svg e-fas-spinner\" viewBox=\"0 0 512 512\" xmlns=\"http:\/\/www.w3.org\/2000\/svg\"><path d=\"M304 48c0 26.51-21.49 48-48 48s-48-21.49-48-48 21.49-48 48-48 48 21.49 48 48zm-48 368c-26.51 0-48 21.49-48 48s21.49 48 48 48 48-21.49 48-48-21.49-48-48-48zm208-208c-26.51 0-48 21.49-48 48s21.49 48 48 48 48-21.49 48-48-21.49-48-48-48zM96 256c0-26.51-21.49-48-48-48S0 229.49 0 256s21.49 48 48 48 48-21.49 48-48zm12.922 99.078c-26.51 0-48 21.49-48 48s21.49 48 48 48 48-21.49 48-48c0-26.509-21.491-48-48-48zm294.156 0c-26.51 0-48 21.49-48 48s21.49 48 48 48 48-21.49 48-48c0-26.509-21.49-48-48-48zM108.922 60.922c-26.51 0-48 21.49-48 48s21.49 48 48 48 48-21.49 48-48-21.491-48-48-48z\"><\/path><\/svg>\t\t\t<\/span>\n\t\t\n\t\t\t\t\t\t<\/div>\n\t\t\t\t<\/div>\n\t\t\t\t<div class=\"elementor-element elementor-element-ffa4764 elementor-widget elementor-widget-spacer\" data-id=\"ffa4764\" data-element_type=\"widget\" data-widget_type=\"spacer.default\">\n\t\t\t\t<div class=\"elementor-widget-container\">\n\t\t\t\t\t\t\t<div class=\"elementor-spacer\">\n\t\t\t<div class=\"elementor-spacer-inner\"><\/div>\n\t\t<\/div>\n\t\t\t\t\t\t<\/div>\n\t\t\t\t<\/div>\n\t\t\t\t\t<\/div>\n\t\t\t\t<\/div>\n\t\t\t\t<\/div>\n\t\t","protected":false},"excerpt":{"rendered":"","protected":false},"author":1,"featured_media":0,"parent":0,"menu_order":0,"comment_status":"closed","ping_status":"closed","template":"","meta":{"footnotes":""},"class_list":["post-233","page","type-page","status-publish","hentry"],"jetpack_sharing_enabled":true,"_links":{"self":[{"href":"https:\/\/alessandra.hr\/index.php\/wp-json\/wp\/v2\/pages\/233","targetHints":{"allow":["GET"]}}],"collection":[{"href":"https:\/\/alessandra.hr\/index.php\/wp-json\/wp\/v2\/pages"}],"about":[{"href":"https:\/\/alessandra.hr\/index.php\/wp-json\/wp\/v2\/types\/page"}],"author":[{"embeddable":true,"href":"https:\/\/alessandra.hr\/index.php\/wp-json\/wp\/v2\/users\/1"}],"replies":[{"embeddable":true,"href":"https:\/\/alessandra.hr\/index.php\/wp-json\/wp\/v2\/comments?post=233"}],"version-history":[{"count":49,"href":"https:\/\/alessandra.hr\/index.php\/wp-json\/wp\/v2\/pages\/233\/revisions"}],"predecessor-version":[{"id":991,"href":"https:\/\/alessandra.hr\/index.php\/wp-json\/wp\/v2\/pages\/233\/revisions\/991"}],"wp:attachment":[{"href":"https:\/\/alessandra.hr\/index.php\/wp-json\/wp\/v2\/media?parent=233"}],"curies":[{"name":"wp","href":"https:\/\/api.w.org\/{rel}","templated":true}]}}